, 11, 13
Let g(d) = d**3 + 4*d**2 - 7*d - 8. Let h be g(-5). Suppose -107 - 75 = -h*l. What are the prime factors of l?
7, 13
Let w(r) be the second derivative of r**5/20 + 2*r**4/3 - 4*r**2 - 12*r. List the prime factors of w(-7).
41
Let a(p) = -p**3 + 8*p**2 + 5*p - 17. Let g(w) = 4*w**3 - 23*w**2 - 14*w + 52. Let q(v) = -7*a(v) - 2*g(v). List the prime factors of q(-10).
5, 17
List the prime factors of (-288)/10*(-200)/12.
2, 3, 5
Let i = 32 - -335. List the prime factors of i.
367
Let c(i) = -23*i + 11. Suppose -3*f + 4 = -2*f - 4*s, 4*f + 29 = s. Let j be c(f). Suppose 0 = -5*z + 45 + j. List the prime factors of z.
2, 3
Suppose 10*w - 170 = -0*w. Suppose -4*k = -w + 5, 2*o - 5*k = 185. What are the prime factors of o?
2, 5
Suppose -4*s - 46 = 3*a, -s - 16 + 0 = 3*a. What are the prime factors of s/18*-3*48?
2, 5
Let o(b) be the third derivative of -b**5/60 + 17*b**4/24 - 5*b**3/3 - 4*b**2. Let c be o(15). Let y = c + 7. List the prime factors of y.
3
Suppose -2*p + 0*p - 152 = 0. List the prime factors of 1/4 + (-2869)/p.
2, 19
List the prime factors of -3 + 391 + (2 - -2).
2, 7
Let g(z) = -1. Let j(r) = -17*r - 3. Let d(u) = g(u) - j(u). What are the prime factors of d(4)?
2, 5, 7
Let h = -1955 - -3933. List the prime factors of h.
2, 23, 43
Suppose 6*s - 2*s - 8 = 0. Let b(v) = 2*v**2 - 4*v + 4. Let d be b(s). Suppose z - d*p = 56, p - 10 = -p. What are the prime factors of z?
2, 19
Let o(m) = -m**2 + 16*m - 8. Let f be o(15). Suppose 2*y + 95 = f*y. List the prime factors of y.
19
Let w be -9*3/((-12)/(-32)). Let r = -62 - w. What are the prime factors of r?
2, 5
Let y(i) = i**3 - 26*i**2 + 55*i + 11. Let u be y(24). Let n = 487 - u. What are the prime factors of n?
2, 7, 11
Let a = -1203 - -2172. List the prime factors of a.
3, 17, 19
Let g(s) = -4*s - 3. Let q be g(-2). Let k = 7 - q. Suppose w + 3*p + 3 = 4, 5*w - 22 = k*p. What are the prime factors of w?
2
Let c be 2 + -2 + (3 - 0). Suppose -4*b + 272 = 4*o, 0 = -c*b - 3*o + o + 208. Let a = b + -38. List the prime factors of a.
2, 17
Let t(k) be the first derivative of 21*k**4/2 - k**3/3 - k**2/2 + 1. Let z be t(-1). What are the prime factors of -2*(-1 + z/4)?
23
Let m(g) = 11*g - 6*g + 11*g + 10 + g. List the prime factors of m(3).
61
What are the prime factors of (-2 - 1) + 2/(2/483)?
2, 3, 5
Let m be ((-478)/5)/((-24)/20 + 1). Let l = m - 243. List the prime factors of l.
5, 47
Let x be ((-3)/1 - -146)*(-2)/2. Let u = 276 + x. List the prime factors of u.
7, 19
Let f(a) = 3*a**2 - 3*a + 2. Let k be f(1). What are the prime factors of 0 - (90072/(-264) + k/11)?
11, 31
Let a = -24 - -36. Let j = 23 + a. List the prime factors of j.
5, 7
Let h = 21 + -10. Let n(w) = -8*w - 5*w + h*w. What are the prime factors of n(-7)?
2, 7
Let q(d) = -82*d - 187. What are the prime factors of q(-20)?
1453
Let m = -199 + 545. List the prime factors of m.
2, 173
Suppose -451 = -3*x + b, 2*b - 834 = -4*x - 236. What are the prime factors of x?
2, 3, 5
Let r = 139 - 43. What are the prime factors of (r/1 - -1) + 0 + -1?
2, 3
Suppose -35*x + 39*x = 0, -4*o = -3*x - 4120. List the prime factors of o.
2, 5, 103
Suppose 0*x - 38 = -4*h - 2*x, -2*h + 5*x = -1. Suppose -5*s = -h*s + 75. What are the prime factors of s?
5
Let u(p) = 90*p + 85. What are the prime factors of u(4)?
5, 89
List the prime factors of (-31)/(((-4)/88)/1).
2, 11, 31
Suppose 213 = 2*v + 3*z, -5 + 0 = 5*z. Suppose -2*t = -0*o + 4*o - 92, -5*o + v = -t. What are the prime factors of o?
2, 11
Suppose w + 0*w + 2 = 0. Let u(b) = b**3 + 11*b**2 + 9*b - 14. Let z be u(-10). List the prime factors of (6/z)/(w/20).
3, 5
Suppose -w + 6*w = 3*s + 2574, -w + 501 = 4*s. Suppose 5*h = 2*h + w. What are the prime factors of h?
3, 19
Let g(q) = 9*q**2 - q - 1. Let o be g(2). Let s = o - 9. What are the prime factors of s?
2, 3
Let b be (-1)/6 + 52/24. Suppose 4*p = 3*y - b*y + 1220, 0 = 3*p - 2*y - 920. List the prime factors of (-2)/3 + p/24.
2, 3
Let z(c) be the first derivative of c**4/3 + c**3/3 - c**2/2 - 2*c + 1. Let a(h) be the first derivative of z(h). What are the prime factors of a(-3)?
29
Suppose -4*r - 4*q = -424, 0 = 5*q - 0*q - 15. Suppose r = 19*d - 18*d. What are the prime factors of d?
103
Suppose 3*t = -3*z + 2*z + 36, 3*z = 5*t - 46. Suppose k - 76 - t = 0. List the prime factors of k.
3, 29
Let a(i) = -12*i + 24. Suppose p = d - 5*d - 22, 0 = 4*d + 4*p + 28. List the prime factors of a(d).
2, 3, 7
Let o be 2/(54/(-28) + 2). Suppose -o = 3*g - 97. List the prime factors of g.
23
Let p(f) = -6*f - 1. Let a be p(-1). Suppose 2*q - 149 = g, 3*g = -2*g - a. List the prime factors of q.
2, 37
Let x be 4/(-5)*10/(-2). Suppose 0 = 2*a - 17 - 7. Suppose a = x*t - 16. What are the prime factors of t?
7
Let r = 12 + -7. Let i(f) = f**2 + 3*f - 3. Let o be i(r). Suppose 2*l = 5*g + o, -5*l + 40 = -5*g - 75. List the prime factors of l.
2, 13
Let c = 3 + -8. Let v(g) = -g**3 - 5*g**2 - 3*g - 6. Let t be v(c). Suppose -m + 2 = o - t, 3*m - 35 = -5*o. What are the prime factors of m?
2, 5
Suppose 10*l - 10331 = 5989. What are the prime factors of l?
2, 3, 17
Let a(y) = -353*y - 44. List the prime factors of a(-6).
2, 17, 61
Let m(u) = u**3 + 9*u**2 + u - 1. Let b be m(-9). Let l(h) = -4*h - 12. What are the prime factors of l(b)?
2, 7
Suppose 2*a - 44 = 4. List the prime factors of (-71)/(-3) - a/36.
23
Let l be 15/2*4/6. Suppose 2*b + 3*b + 56 = z, 117 = 2*z - l*b. List the prime factors of z.
61
Suppose -n + f + 1 - 2 = 0, 2*f = 8. Suppose -228 = -2*i - 0*p + 5*p, -3*i + n*p = -324. List the prime factors of i.
2, 13
Let a(o) = 8*o**2 + o - 7. Let d be a(3). Suppose -4*y = 5*h - d, -2*y + 4*h - 3 = -11. List the prime factors of y.
2, 3
Suppose 27 = x + 5*n, -5*x + 4*n + 79 = n. Let w = 27 - x. What are the prime factors of (-16)/(-3) + w/(-30)?
5
What are the prime factors of 4/40 - 49548/(-120)?
7, 59
Suppose 81 = 3*z + 21. Let k be -1*5/(z/(-128)). Let j = k + 8. List the prime factors of j.
2, 5
Suppose -164 = -3*j + 5*n, -2*j + 7*n + 111 = 4*n. What are the prime factors of j?
3, 7
Suppose -3*x + 8082 = 3*v - 7137, 0 = x + 2*v - 5071. List the prime factors of x.
5, 7, 29
Let p(x) = -9*x + 4. Let j be p(7). Let n = 111 + j. Suppose -10 - n = -z. List the prime factors of z.
2, 31
Let t(i) = -5*i - 3. Suppose d + 0*v + 3*v = -12, d + 2*v = -9. Let n = -7 - d. List the prime factors of t(n).
17
Suppose g - 75 = -4*k, -430 = -5*g - 3*k - 123. Suppose 15 + g = 2*s. List the prime factors of s.
37
Let x(f) = -2*f - 23*f**2 + 11*f - 23*f**2 + 56*f**2 + 7 + f**3. List the prime factors of x(-7).
7, 13
Suppose 321 + 1317 = 14*s. List the prime factors of s.
3, 13
Let c = 6 + 24. Suppose 3*q = -0*q + c. Suppose q*d - 8*d - 36 = 0. What are the prime factors of d?
2, 3
Suppose 1062 = 5*r + d, r - d = d + 208. What are the prime factors of r?
2, 53
Let l = 1207 + -40. What are the prime factors of l?
3, 389
Let w(j) = 2*j**2 + 11*j + 9. Let v be w(-7). Let m = v - -89. List the prime factors of m.
7, 17
Let j(h) = 16*h**3 + 7*h. List the prime factors of j(3).
3, 151
Let t(b) be the second derivative of b**3/2 + 3*b**2/2 + b. Suppose 92*w - 100*w + 32 = 0. List the prime factors of t(w).
3, 5
Let g(j) = j**3 - 2*j**2 - 3*j - 1. Let c be g(4). Let s = c + -13. Suppose s = 3*a - 12. List the prime factors of a.
2, 3
Let n = -15 - 0. Let y = n + 30. What are the prime factors of y?
3, 5
Let r = 1325 + -724. List the prime factors of r.
601
Let c(x) = -262*x + 189. List the prime factors of c(-5).
1499
Suppose -95 = 5*n - u, -4*u = -n - 3*u - 23. Let q = n + 9. What are the prime factors of (-5)/(-15) - 78/q?
3
Let b = -98 + 578. What are the prime factors of b?
2, 3, 5
Let j(a) = -12*a - 1. Let g = 11 + -12. List the prime factors of j(g).
11
Let v(k) = k**3 + k**2 - 3*k - 7. Let q = 0 + 5. Let p be v(q). Suppose -6*f + 3*f = -5*u + p, -16 = -u + 3*f. List the prime factors of u.
2, 7
Let g = -550 + 1283. Suppose 0 = 7*s - g - 373. Suppose -3*p + p + s = 0. List the prime factors of p.
79
Suppose 4*c - 9 = -1. Suppose -3*o = -3*z - 279, 0 = -0*o + 5*o - c*z - 453. List the prime factors of o.
89
Let y(q) = -12*q + 151. List the prime factors of y(-34).
13, 43
What are the prime factors of -1*(3 - 8)*-1 + 1570?
5, 313
Suppose 5*v = -4*n + 126